{"id":49,"date":"2016-10-20T09:04:39","date_gmt":"2016-10-20T07:04:39","guid":{"rendered":"https:\/\/naturfreunde-ybbs.at\/?page_id=49"},"modified":"2020-12-10T12:05:22","modified_gmt":"2020-12-10T11:05:22","slug":"vereinschronik","status":"publish","type":"page","link":"https:\/\/www.naturfreunde-ybbs.at\/?page_id=49","title":{"rendered":"Vereinschronik"},"content":{"rendered":"<p class=\"Stil1\" align=\"center\"><u>Obm\u00e4nner der NF Ortsgruppe Ybbs:<\/u><\/p>\n<table border=\"1\" cellspacing=\"0\" cellpadding=\"0\" align=\"center\">\n<tbody>\n<tr>\n<th>Von<\/th>\n<th>Bis<\/th>\n<th>Nachname<\/th>\n<th>Vorname<\/th>\n<th>Adresse<\/th>\n<\/tr>\n<tr>\n<td>1922<\/td>\n<td><\/td>\n<td>TOIFL<\/td>\n<td>Leopold<\/td>\n<td>Trewaldstr. Nr. 38<\/td>\n<\/tr>\n<tr>\n<td>1946<\/td>\n<td><\/td>\n<td>BRUNTHALER<\/td>\n<td>Johann<\/td>\n<td>Trewaldstr. Nr. 47<\/td>\n<\/tr>\n<tr>\n<td>22.1.1947<\/td>\n<td><\/td>\n<td>SOURAL<\/td>\n<td>Gustav<\/td>\n<td><\/td>\n<\/tr>\n<tr>\n<td>29.3.1949<\/td>\n<td>3.12.1949<\/td>\n<td>ZWETTLER<\/td>\n<td>Karl<\/td>\n<td>Piesenegg Nr.36<\/td>\n<\/tr>\n<tr>\n<td>3.12.1949<\/td>\n<td>1952<\/td>\n<td>KRAMMER<\/td>\n<td>Stefan<\/td>\n<td><\/td>\n<\/tr>\n<tr>\n<td>1952<\/td>\n<td>1954<\/td>\n<td>FAKLER<\/td>\n<td><\/td>\n<td><\/td>\n<\/tr>\n<tr>\n<td>02.061954<\/td>\n<td>7.11.1997<\/td>\n<td>KRAMMER<\/td>\n<td>Stefan<\/td>\n<td>Irnfriedstra\u00dfe Nr. 11<\/td>\n<\/tr>\n<tr>\n<td>7.11.1997<\/td>\n<td>3.11.2006<\/td>\n<td>HUBMAYER<\/td>\n<td>Gerhard<\/td>\n<td>Fasang. 6<\/td>\n<\/tr>\n<tr>\n<td>4.11.2006<\/td>\n<td>12.2.2016<\/td>\n<td>DANGL<\/td>\n<td>Horst<\/td>\n<td>Kirlstra\u00dfe4<\/td>\n<\/tr>\n<tr>\n<td>12.2.2016<\/td>\n<td><\/td>\n<td>ENGL<\/td>\n<td>Franz<\/td>\n<td>Hagsdorf 34<\/td>\n<\/tr>\n<\/tbody>\n<\/table>\n<p class=\"Stil1\" align=\"center\"><span style=\"color: #993366;\"><strong><span style=\"text-decoration: underline;\">Vereinschronik<\/span><\/strong><\/span><\/p>\n<p class=\"Stil5\" align=\"left\">1922\u00a0\u00a0 Gr\u00fcndung der Ortsgruppe Ybbs\/Donau<\/p>\n<p class=\"Stil5\" align=\"left\">1926\u00a0\u00a0 Errichtung eines Matrazenlagers im Arbeiterheim Ybbs<\/p>\n<p class=\"Stil5\" align=\"left\">1934\u00a0\u00a0 Einstellung der Vereinst\u00e4tigkeit aufgrund einer Verordnung im BGBL.78\/1934<\/p>\n<p class=\"Stil5\" align=\"left\">1946\u00a0\u00a0 Wiederaufnahme der Vereinst\u00e4tigkeit durch Johann Brunthaler<\/p>\n<p>Mitteilung an die BH Melk v. 4.12.1946<\/p>\n<p class=\"Stil5\" align=\"left\">1947\u00a0\u00a0 Gustav Soural wird am 22.1.1947 zum Obmann gew\u00e4hlt<\/p>\n<p class=\"Stil5\" align=\"left\">1949\u00a0\u00a0 Karl Zwettler wurde am 29.M\u00e4rz und<br \/>\nStefan Krammer am 6.Dez. 1949 zum Obmann gew\u00e4hlt<\/p>\n<p class=\"Stil5\" align=\"left\">1955\u00a0\u00a0 Gr\u00fcndung der Paddelgruppe Ybbs durch Willi Kappelm\u00fcller<\/p>\n<p class=\"Stil5\" align=\"left\">1957\u00a0\u00a0 Landespaddlertreffen, Zeltlager an der Donaul\u00e4nde vor dem Stadtpark<\/p>\n<p class=\"Stil5\" align=\"left\">1958\u00a0\u00a0 Gr\u00fcndung des Naturschutzreferates durch Johann Mayer<\/p>\n<p class=\"Stil5\" align=\"left\">1960\u00a0\u00a0 Gr\u00fcndung der Fotogruppe durch Karl Rauch<\/p>\n<p class=\"Stil5\" align=\"left\">1965\u00a0\u00a0 Inbetriebnahme des Bootsraumes und des Fotolabors in der neuen Ybbser Stadthalle<\/p>\n<p class=\"Stil5\" align=\"left\">1969\u00a0\u00a0 Gr\u00fcndung der Sektion Stocksch\u00fctzen durch Johann Wagner<\/p>\n<p class=\"Stil5\" align=\"left\">1973\u00a0\u00a0 1.Int. Fit-Wandertag mit \u00fcber 2.000 Teilnehmern, N\u00d6. Naturfreundetag in Ybbs<\/p>\n<p>auf dem Kirl<\/p>\n<p class=\"Stil5\" align=\"left\">1978\u00a0\u00a0 Er\u00f6ffnung des Klubraumes im neuen Volksheim Ybbs<\/p>\n<p class=\"Stil5\" align=\"left\">1982\u00a0\u00a0 60 Jahr-Feier der Naturfreunde Ybbs in der Stadthalle Ybbs<\/p>\n<p class=\"Stil5\" align=\"left\">1986\u00a0\u00a0 Gr\u00fcndung der Lauf-Treffgruppe durch Eva Haider<\/p>\n<p class=\"Stil5\" align=\"left\">1990\u00a0\u00a0 Landesfotoausstellung in der Stadthalle Ybbs<\/p>\n<p class=\"Stil5\" align=\"left\">1991\u00a0\u00a0 Stefan Krammer erh\u00e4lt den \u201eJosef Sch\u00f6ffel-Preis\u201c des Landes Nieder\u00f6sterreich<\/p>\n<p class=\"Stil5\" align=\"left\">1994\u00a0\u00a0 Beginn des Baues des Vereins-und Bootshauses in Angern<\/p>\n<p class=\"Stil5\">1997\u00a0\u00a0 Gerhard Hubmayer \u00fcbernimmt den Ortsgruppenvorsitz<\/p>\n<p class=\"Stil5\">1999\u00a0\u00a0 Er\u00f6ffungsfeier des neuen Vereins-und Boothsauses in Angern<\/p>\n<p class=\"Stil5\">2002\u00a0\u00a0 Jahrhunderthochwasser steht ca. 1,7m hoch im neuen Vereinshaus<br \/>\nund zerst\u00f6rt den Klubraum, die komplette K\u00fccheneinrichtung und das B\u00fcro<br \/>\nMehrer Boote werden im Bootsraum v\u00f6llig zerst\u00f6rt<\/p>\n<p class=\"Stil5\">2004\u00a0\u00a0 Renovierungsarbeiten sind abgeschlossen, am Dachboden wird ein<br \/>\nMatratzenlager errichtet<\/p>\n<p class=\"Stil5\">2007\u00a0\u00a0 Gerhard Hubmayer legt sein Amt als Vorsitzender zur\u00fcck.<br \/>\nHorst Dangl wird zum neuen Vorsitzenden gew\u00e4hlt \u2013 Stellvertreter Klaus Einsiedler<\/p>\n<p>2016 Horst Dangl legt sein Amt als Vorsitzender zur\u00fcck<br \/>\nFranz Engl wird zum neuen Vorsitzenden gew\u00e4hlt &#8211; Stellvertreter Roman Engl<\/p>\n","protected":false},"excerpt":{"rendered":"<p>Obm\u00e4nner der NF Ortsgruppe Ybbs: Von Bis Nachname Vorname Adresse 1922 TOIFL Leopold Trewaldstr. Nr. 38 1946 BRUNTHALER Johann Trewaldstr. Nr. 47 22.1.1947 SOURAL Gustav 29.3.1949 3.12.1949 ZWETTLER Karl Piesenegg [&hellip;]<\/p>\n","protected":false},"author":1,"featured_media":0,"parent":0,"menu_order":0,"comment_status":"closed","ping_status":"closed","template":"","meta":{"_bbp_topic_count":0,"_bbp_reply_count":0,"_bbp_total_topic_count":0,"_bbp_total_reply_count":0,"_bbp_voice_count":0,"_bbp_anonymous_reply_count":0,"_bbp_topic_count_hidden":0,"_bbp_reply_count_hidden":0,"_bbp_forum_subforum_count":0,"footnotes":""},"class_list":["post-49","page","type-page","status-publish","hentry"],"_links":{"self":[{"href":"https:\/\/www.naturfreunde-ybbs.at\/index.php?rest_route=\/wp\/v2\/pages\/49","targetHints":{"allow":["GET"]}}],"collection":[{"href":"https:\/\/www.naturfreunde-ybbs.at\/index.php?rest_route=\/wp\/v2\/pages"}],"about":[{"href":"https:\/\/www.naturfreunde-ybbs.at\/index.php?rest_route=\/wp\/v2\/types\/page"}],"author":[{"embeddable":true,"href":"https:\/\/www.naturfreunde-ybbs.at\/index.php?rest_route=\/wp\/v2\/users\/1"}],"replies":[{"embeddable":true,"href":"https:\/\/www.naturfreunde-ybbs.at\/index.php?rest_route=%2Fwp%2Fv2%2Fcomments&post=49"}],"version-history":[{"count":7,"href":"https:\/\/www.naturfreunde-ybbs.at\/index.php?rest_route=\/wp\/v2\/pages\/49\/revisions"}],"predecessor-version":[{"id":438,"href":"https:\/\/www.naturfreunde-ybbs.at\/index.php?rest_route=\/wp\/v2\/pages\/49\/revisions\/438"}],"wp:attachment":[{"href":"https:\/\/www.naturfreunde-ybbs.at\/index.php?rest_route=%2Fwp%2Fv2%2Fmedia&parent=49"}],"curies":[{"name":"wp","href":"https:\/\/api.w.org\/{rel}","templated":true}]}}